{"id":1462,"date":"2026-04-28T16:41:27","date_gmt":"2026-04-28T14:41:27","guid":{"rendered":"https:\/\/wunderglaubeliebe.de\/?page_id=1462"},"modified":"2026-04-28T17:02:22","modified_gmt":"2026-04-28T15:02:22","slug":"gedankenmeer-set-2","status":"publish","type":"page","link":"https:\/\/wunderglaubeliebe.de\/?page_id=1462","title":{"rendered":"Gedankenmeer Set"},"content":{"rendered":"\t\t<div data-elementor-type=\"wp-page\" data-elementor-id=\"1462\" class=\"elementor elementor-1462\">\n\t\t\t\t<div class=\"elementor-element elementor-element-617ec75 e-flex e-con-boxed e-con e-parent\" data-id=\"617ec75\" data-element_type=\"container\">\n\t\t\t\t\t<div class=\"e-con-inner\">\n\t\t<div class=\"elementor-element elementor-element-d0cef1a e-con-full e-flex e-con e-child\" data-id=\"d0cef1a\" data-element_type=\"container\">\n\t\t\t\t<\/div>\n\t\t<div class=\"elementor-element elementor-element-3b97ac2 e-con-full e-flex e-con e-child\" data-id=\"3b97ac2\" data-element_type=\"container\">\n\t\t\t\t<div class=\"elementor-element elementor-element-543f098 elementor-widget elementor-widget-image\" data-id=\"543f098\" data-element_type=\"widget\" data-widget_type=\"image.default\">\n\t\t\t\t<div class=\"elementor-widget-container\">\n\t\t\t\t\t\t\t\t\t\t\t\t\t\t\t<img fetchpriority=\"high\" decoding=\"async\" width=\"750\" height=\"744\" src=\"https:\/\/wunderglaubeliebe.de\/wp-content\/uploads\/2026\/04\/IMG_7761.jpg\" class=\"attachment-large size-large wp-image-1401\" alt=\"\" srcset=\"https:\/\/wunderglaubeliebe.de\/wp-content\/uploads\/2026\/04\/IMG_7761.jpg 750w, https:\/\/wunderglaubeliebe.de\/wp-content\/uploads\/2026\/04\/IMG_7761-300x298.jpg 300w, https:\/\/wunderglaubeliebe.de\/wp-content\/uploads\/2026\/04\/IMG_7761-150x150.jpg 150w, https:\/\/wunderglaubeliebe.de\/wp-content\/uploads\/2026\/04\/IMG_7761-600x595.jpg 600w, https:\/\/wunderglaubeliebe.de\/wp-content\/uploads\/2026\/04\/IMG_7761-100x100.jpg 100w\" sizes=\"(max-width: 750px) 100vw, 750px\" \/>\t\t\t\t\t\t\t\t\t\t\t\t\t\t\t<\/div>\n\t\t\t\t<\/div>\n\t\t\t\t<div class=\"elementor-element elementor-element-81bae1a elementor-widget elementor-widget-heading\" data-id=\"81bae1a\" data-element_type=\"widget\" data-widget_type=\"heading.default\">\n\t\t\t\t<div class=\"elementor-widget-container\">\n\t\t\t\t\t<h2 class=\"elementor-heading-title elementor-size-default\">Deine pers\u00f6nliche Reise<\/h2>\t\t\t\t<\/div>\n\t\t\t\t<\/div>\n\t\t\t\t<div class=\"elementor-element elementor-element-0242b30 elementor-widget elementor-widget-text-editor\" data-id=\"0242b30\" data-element_type=\"widget\" data-widget_type=\"text-editor.default\">\n\t\t\t\t<div class=\"elementor-widget-container\">\n\t\t\t\t\t\t\t\t\t<p>Eine Reise ans Meer ist wie eine Begegnung mit der Ewigkeit.<\/p><p>Mit Ebbe und Flut all das Kommen und Gehen sehen und mit dem Klang der Wellen den Lauf der Welt verstehen.<\/p><p>Dem Gesang der M\u00f6wen in Gedanken nachgleitend, barfu\u00df die Sonne auf dem Sand f\u00fchlen und die buntgef\u00e4rbten Muscheln entdecken, die das Meer mit sich tr\u00e4gt und an Land sp\u00fclt.\u00a0Die Luft tief einatmen und sp\u00fcren, wie unendlich gut das tut.\u00a0<\/p><p>Das Meer hinterl\u00e4sst Spuren in den F\u00fc\u00dfen, die es ber\u00fchrten und schenkt Kraft und Vertrauen.<\/p><p>\u00a0<\/p><p>Von Herzen w\u00fcnsche ich Dir mit meinem <em>Gedankenmeer Set<\/em> besondere Meermomente, die bewegen und Halt geben.<\/p><p>\u00a0<\/p><div><p>\ud83d\udc1a\ud83d\udcab\ud83c\udf0a<\/p><p>\u00a0<\/p><p>Jedes Heft ist ein handgemaltes und handgebundenes Einzelst\u00fcck im C6-Format aus meiner\u00a0<em>Gedankenmeer Edition.\u00a0<\/em><span style=\"font-size: 16px;\">Entstanden ist diese k\u00fcnstlerische Serie auf meinem Genesungsweg von Post Covid durch eine besondere Reise ans Meer.\u00a0<\/span><span style=\"font-size: 16px;\">Zusammen mit einem Gedicht aus dieser Zeit, einer selbstgestalteten Karte und einer \u00dcbung entsteht ein Raum f\u00fcr Deine Gedanken, Dein Wachstum und Deine ganz eigene innere Reise.<\/span><\/p><p>\u00a0<\/p><p><span style=\"font-size: 16px;\">Als liebevolle Begleitung zur\u00fcck zu Dir selbst.<\/span><\/p><p>\u00a0<\/p><p><em>\u2728 Weil eine besondere Reise ans Meer ver\u00e4ndert.<\/em><\/p><\/div>\t\t\t\t\t\t\t\t<\/div>\n\t\t\t\t<\/div>\n\t\t\t\t<div class=\"elementor-element elementor-element-f4f1717 elementor-align-center elementor-widget elementor-widget-button\" data-id=\"f4f1717\" data-element_type=\"widget\" data-widget_type=\"button.default\">\n\t\t\t\t<div class=\"elementor-widget-container\">\n\t\t\t\t\t\t\t\t\t<div class=\"elementor-button-wrapper\">\n\t\t\t\t\t<a class=\"elementor-button elementor-button-link elementor-size-sm\" href=\"https:\/\/wunderglaubeliebe.de\/?post_type=product\">\n\t\t\t\t\t\t<span class=\"elementor-button-content-wrapper\">\n\t\t\t\t\t\t\t\t\t<span class=\"elementor-button-text\">Jetzt bestellen<\/span>\n\t\t\t\t\t<\/span>\n\t\t\t\t\t<\/a>\n\t\t\t\t<\/div>\n\t\t\t\t\t\t\t\t<\/div>\n\t\t\t\t<\/div>\n\t\t\t\t<\/div>\n\t\t<div class=\"elementor-element elementor-element-471af31 e-con-full e-flex e-con e-child\" data-id=\"471af31\" data-element_type=\"container\">\n\t\t\t\t<\/div>\n\t\t\t\t\t<\/div>\n\t\t\t\t<\/div>\n\t\t\t\t<\/div>\n\t\t","protected":false},"excerpt":{"rendered":"<p>Deine pers\u00f6nliche Reise Eine Reise ans Meer ist wie eine Begegnung mit der Ewigkeit. Mit Ebbe und Flut all das [&hellip;]<\/p>\n","protected":false},"author":1,"featured_media":0,"parent":0,"menu_order":0,"comment_status":"closed","ping_status":"closed","template":"","meta":{"site-sidebar-layout":"no-sidebar","site-content-layout":"","ast-site-content-layout":"full-width-container","site-content-style":"default","site-sidebar-style":"default","ast-global-header-display":"","ast-banner-title-visibility":"","ast-main-header-display":"","ast-hfb-above-header-display":"","ast-hfb-below-header-display":"","ast-hfb-mobile-header-display":"","site-post-title":"","ast-breadcrumbs-content":"","ast-featured-img":"disabled","footer-sml-layout":"","theme-transparent-header-meta":"","adv-header-id-meta":"","stick-header-meta":"","header-above-stick-meta":"","header-main-stick-meta":"","header-below-stick-meta":"","astra-migrate-meta-layouts":"default","ast-page-background-enabled":"default","ast-page-background-meta":{"desktop":{"background-color":"var(--ast-global-color-5)","background-image":"","background-repeat":"repeat","background-position":"center center","background-size":"auto","background-attachment":"scroll","background-type":"","background-media":"","overlay-type":"","overlay-color":"","overlay-opacity":"","overlay-gradient":""},"tablet":{"background-color":"","background-image":"","background-repeat":"repeat","background-position":"center center","background-size":"auto","background-attachment":"scroll","background-type":"","background-media":"","overlay-type":"","overlay-color":"","overlay-opacity":"","overlay-gradient":""},"mobile":{"background-color":"","background-image":"","background-repeat":"repeat","background-position":"center center","background-size":"auto","background-attachment":"scroll","background-type":"","background-media":"","overlay-type":"","overlay-color":"","overlay-opacity":"","overlay-gradient":""}},"ast-content-background-meta":{"desktop":{"background-color":"var(--ast-global-color-4)","background-image":"","background-repeat":"repeat","background-position":"center center","background-size":"auto","background-attachment":"scroll","background-type":"","background-media":"","overlay-type":"","overlay-color":"","overlay-opacity":"","overlay-gradient":""},"tablet":{"background-color":"var(--ast-global-color-4)","background-image":"","background-repeat":"repeat","background-position":"center center","background-size":"auto","background-attachment":"scroll","background-type":"","background-media":"","overlay-type":"","overlay-color":"","overlay-opacity":"","overlay-gradient":""},"mobile":{"background-color":"var(--ast-global-color-4)","background-image":"","background-repeat":"repeat","background-position":"center center","background-size":"auto","background-attachment":"scroll","background-type":"","background-media":"","overlay-type":"","overlay-color":"","overlay-opacity":"","overlay-gradient":""}},"footnotes":""},"class_list":["post-1462","page","type-page","status-publish","hentry"],"_links":{"self":[{"href":"https:\/\/wunderglaubeliebe.de\/index.php?rest_route=\/wp\/v2\/pages\/1462","targetHints":{"allow":["GET"]}}],"collection":[{"href":"https:\/\/wunderglaubeliebe.de\/index.php?rest_route=\/wp\/v2\/pages"}],"about":[{"href":"https:\/\/wunderglaubeliebe.de\/index.php?rest_route=\/wp\/v2\/types\/page"}],"author":[{"embeddable":true,"href":"https:\/\/wunderglaubeliebe.de\/index.php?rest_route=\/wp\/v2\/users\/1"}],"replies":[{"embeddable":true,"href":"https:\/\/wunderglaubeliebe.de\/index.php?rest_route=%2Fwp%2Fv2%2Fcomments&post=1462"}],"version-history":[{"count":10,"href":"https:\/\/wunderglaubeliebe.de\/index.php?rest_route=\/wp\/v2\/pages\/1462\/revisions"}],"predecessor-version":[{"id":1520,"href":"https:\/\/wunderglaubeliebe.de\/index.php?rest_route=\/wp\/v2\/pages\/1462\/revisions\/1520"}],"wp:attachment":[{"href":"https:\/\/wunderglaubeliebe.de\/index.php?rest_route=%2Fwp%2Fv2%2Fmedia&parent=1462"}],"curies":[{"name":"wp","href":"https:\/\/api.w.org\/{rel}","templated":true}]}}